be y(-9). Give d(g).
3
Let h be ((-14)/7)/(1*2). Let i(w) = -5*w - 2. Let k be i(h). Let u(r) = 1 - 2*r**2 + 0*r**3 - r + r**3 + 0*r**3. What is u(k)?
7
Let f be (-4)/14 + (-23)/((-1288)/240). Let d(m) = -f*m**3 + 12 - 14 - m + 3. Determine d(1).
-4
Let m(p) = 0*p**2 + 842 + p**2 + 6*p - 838. Give m(-6).
4
Let h = 23 + -20. Suppose -h*x - 6 = 3*x. Let r(v) = 4*v + 1. What is r(x)?
-3
Let q = 80 + -79. Let n(z) = -12*z - 15*z + 28*z - q. Calculate n(6).
5
Let n be (560/(-360))/(2 + 44/(-18)). Let f(q) be the second derivative of -14*q + 1/20*q**5 + 7/6*q**3 + 1/2*q**4 + n*q**2 + 0. What is f(-5)?
-3
Let l be 100/125*(-5)/(-2). Let v(h) be the third derivative of -h**6/120 - h**4/24 + h**3/6 + 4*h**2. Calculate v(l).
-9
Let o(f) = f**3 - 6*f**2 + 6*f + 1. Let s be o(5). Let q(h) = -h**3 + 5*h**2 + 7*h - 6. Let r be q(s). Let k(a) = -a**2 + r*a - 2 + 7*a - 3 - 3. What is k(6)?
-2
Let j(n) = -2*n**2 + 6*n + 3. Let v be (-9)/(-36) - (33/(-12) + -1). Determine j(v).
-5
Suppose -6*z + 3*z = -30. Suppose 6*j - z*j + 40 = 0. Let m(f) = 9 + 9*f + j - 21. What is m(2)?
16
Let i be (9/4)/(7/28). Let j(c) = -2*c - c + 4*c - 6 + i. What is j(-6)?
-3
Let h(c) be the second derivative of c**6/360 - 7*c**5/120 + c**4/12 - 5*c**3/2 + 31*c. Let f(q) be the second derivative of h(q). Give f(6).
-4
Suppose 5 = -5*l + 5*r, 2*l = -4*r + 19 - 3. Let g(b) = -13*b + 9*b + 2 - 1 + b**l - 3. Give g(4).
-2
Let y = 9 + 18. Let q(b) = 9*b + 5*b**2 + 0*b**2 + b**3 + 13*b - y*b + 8. What is q(-6)?
2
Suppose -4*f - 11 = -x - 27, 5*f - 20 = -4*x. Let z(y) = -4*y + 11. Calculate z(f).
-5
Let c(t) = -t. Suppose 0 = -3*k - 4*w + 3*w + 208, -w = -5*k + 336. Let u = k - 62. Determine c(u).
-6
Let t(r) be the second derivative of -r**5/20 + 5*r**4/12 - 2*r**3/3 + 3*r**2/2 + r. Let n = 4955 + -4951. Calculate t(n).
3
Let f(t) = 3*t - 1. Let h(z) = -4*z + 27. Let s be h(6). Suppose 0 = 4*b - 13 - s. Give f(b).
11
Let j(h) = -5*h + 5*h - 9 - h. Let m(c) = c + 19. Let d(k) = 13*j(k) + 6*m(k). Calculate d(3).
-24
Suppose -13*y + 7*y - 690 = 0. Let g = 113 + y. Let q(a) = -a**3 - 4*a**2 - 2*a + 1. Determine q(g).
-3
Let w(j) = -j**3 - 6*j**2 - 5*j - 5. Let z(m) = -2*m**3 - 12*m**2 - 10*m - 11. Let x(b) = 9*w(b) - 4*z(b). Suppose o - i + 8 = 2*i, -3*o - 3*i = 12. Give x(o).
-1
Let g(c) = c + 3. Let q(s) = 5*s + 5. Let o(f) = 9*g(f) - 4*q(f). What is o(3)?
-26
Let m be (-46)/8 + 1/(-4). Let f(p) be the first derivative of p**4/4 + 5*p**3/3 - 7*p**2/2 - 2*p + 28. What is f(m)?
4
Let a(k) = -k**2 - 4*k. Let g be 2 - 4 - (-6 + 2). Let h(m) = m**2 + 6*m**2 + 8*m - 6*m**g. Let d(j) = -5*a(j) - 2*h(j). Determine d(-3).
15
Let h(f) = -f**3 - 5*f**2 + 9*f + 1. Let r(q) = -17*q - 1. Suppose -1 = 2*j - 3. Let w be r(j). Let b = 12 + w. What is h(b)?
-17
Let s(o) = -3*o - 2*o + o + 3*o + 2. Suppose 9*m = 12*m + 15. Give s(m).
7
Let p(h) = -4*h**3 - 8*h**2 + 7*h - 2. Let g be p(1). Let c(v) = v**3 + 7*v**2 + v + 8. What is c(g)?
1
Let b = 105 - 100. Let m(i) = i**3 - 6*i**2 + 2*i + 3. What is m(b)?
-12
Let y(p) = -4*p**2 - 127*p + 33. Let z be y(-32). Let q(r) = -3*r - r - 4*r + 0*r. What is q(z)?
-8
Let y(x) = 2*x**3 - x**2 + 2*x - 2. Suppose -4*m = -2*c + 5*c - 3, -3*m - 5 = -5*c. Determine y(c).
1
Let b(k) = -k - 3. Let r(w) = 10. Let g(a) = 3*b(a) + r(a). What is g(3)?
-8
Let b(s) = -s**2 + 2*s - 6. Suppose 2*x + m = 1, 3*m - 40 = -5*x + 8*m. Determine b(x).
-9
Suppose -20 = -j + 2*x - 6*x, 3*x = -5*j + 49. Let k(u) = u**3 - 9*u**2 + 19*u + 7. Let m(g) = 2*g + 2. Let t(s) = -k(s) + 6*m(s). Give t(j).
13
Let l(p) = p**2 + 4*p - 3. Let h(c) = -10*c**2 - 117*c + 37. Let z be h(-12). Calculate l(z).
2
Suppose u - 124 = -121. Let o(l) = -l**3 + l**2 - l + 2. What is o(u)?
-19
Suppose -3*p + 5 + 15 = 5*k, 0 = 2*k + 2*p - 4. Let u(q) be the first derivative of k - 1/3*q**3 + q - 3*q**2. Calculate u(-6).
1
Let u(c) = 2*c**2 + c - 1. Let p be u(1). Let a(h) = 1 + h**3 + 0*h + 2*h**p - 4*h**2 - 3*h. Let v be 6 - (5/(-1) - -8). Determine a(v).
1
Let y = -21 - -13. Let j(z) = z**3 + 7*z**2 - 8*z - 2. Let b be j(y). Let s be b/(3 + -3 - 2). Let m(d) = -6*d**2. Determine m(s).
-6
Suppose 3*s - 2 = 2*s + 3*x, 0 = -4*s - 5*x + 8. Let w(f) = f**3 + f - 2. What is w(s)?
8
Let s(h) = 9*h**3 - h**2 + 2*h - 1. Let r be ((-3)/18)/((-7)/42). Give s(r).
9
Suppose -5*z + 2*d = 39, 5*d + 24 = -4*z - 27. Let g(r) = 4*r**2 + 5*r - 28. Let u(b) = b**2 + b - 7. Let w(c) = z*u(c) + 2*g(c). Give w(0).
7
Let z(u) = -u**3 + 8*u**2 + 11*u - 7. Suppose 93*q - 89*q + r - 35 = 0, 30 = 3*q - 3*r. Give z(q).
11
Let l(r) = -34*r + 11. Let t(g) = g**3 - 5*g**2 - 7*g + 9. Let n be t(6). Let f(u) = 11*u - 4. Let q(z) = n*l(z) + 8*f(z). Determine q(1).
-13
Let o(p) be the first derivative of p**4/2 + p**3/3 + 2*p**2 + 4*p - 26. Calculate o(-3).
-53
Let v be -8 + 6 - (114/(-12) - -3). Let q(w) be the first derivative of -6*w - 1/3*w**3 + v*w**2 + 10. Determine q(7).
8
Let w(f) be the first derivative of f**2/2 - 10*f + 3. Suppose -5*i = u, 2*i - 13 = 5*u + 41. Let z = u + 10. Calculate w(z).
-10
Let b(a) = 12 - 29851*a + a**2 + 29851*a. Calculate b(0).
12
Let n(b) = -2 + b + 0 + 1 - 11. What is n(13)?
1
Let h(a) be the third derivative of a**6/120 + a**5/15 - a**3/2 - 410*a**2. Determine h(-3).
6
Let b be 1/(-5) - 2*41/(-10). Let a(q) = -q**3 + 7*q**2 + 4*q - 2. Give a(b).
-34
Let y = -961 - -961. Let j(p) = -p**3 + p**2 - 14. What is j(y)?
-14
Let g be (-52)/130 + 2/5. Let j(w) = -w**3 + w**2 + w. Determine j(g).
0
Let f be ((-6)/(-18))/(1/48). Suppose -4*c = -0*c - f. Let x(y) be the second derivative of -y**5/20 + 5*y**4/12 - 2*y**3/3 + 3*y**2 - y. Calculate x(c).
6
Let v = -12 - -20. Suppose -3*c - 17 = -k - 6*c, -2*c = -k - v. Let u(w) = -w**k - 3*w + w**3 - 3*w**2 - w - 2. Calculate u(5).
3
Let n(w) = w**2 + 2*w + 3. Let r be n(6). Suppose -5*h - r = -4*l - 10, 5*l = -2*h - 23. Let o = h + 10. Let g(y) = -12*y**2. Give g(o).
-12
Let m(p) = -7 + 4*p + 8 + 3 - 2*p. What is m(-6)?
-8
Suppose 4*m = 5*k - 11, 126*m = 122*m - 3*k + 13. Let x(i) = 11*i**2 + i - 2. What is x(m)?
10
Let i(o) = -4*o - 8. Let p(b) = 7*b + 16. Let m(a) = -5*i(a) - 3*p(a). Suppose -397*t + 386*t = 44. Give m(t).
-4
Let w(l) = 11 + 0 + l**3 + 5*l**2 + 0*l**3 + l. Let p be w(-5). Let x(u) = u**2 - 6*u - 4. What is x(p)?
-4
Let h(o) = 6*o - 2. Let z(y) = 11*y - 9. Let g(x) = 32*x - 26. Let a(r) = 6*g(r) - 17*z(r). Let p(d) = -7*a(d) + 6*h(d). Determine p(-4).
5
Let k(m) = m**2 - 6*m - 5. Let u = 87 + -128. Let q = -17 - u. Let h = q + -19. What is k(h)?
-10
Let p(b) = 2*b - 1. Let g(a) = a**2 - 6*a - 5. Let j(v) = -g(v) + 2*p(v). What is j(9)?
12
Let p(q) = 2 + 0*q - 3 + q. Let g(h) = -2*h**2 + 21*h - 31. Suppose v + 3*c = 3*v - 12, -2*v = 2*c - 22. Let w be g(v). What is p(w)?
-5
Let i(s) = 47*s - 106*s + 2*s**2 - 1 + 52*s. Let j(t) = t + 0 - 2 - 2*t. Let c be j(-7). Calculate i(c).
14
Let s = 868 + -864. Let h(o) = -o**3 + 5*o**2 - o + 4. Give h(s).
16
Let k = -7 - 0. Let q = k + 10. Let g(z) = 6*z**2 - 12*z**2 + 3 + 4*z**2 + q*z**2 + 4*z. What is g(-5)?
8
Let r = -7 - -9. Let y(z) = -24*z - 45. Let k(v) = 6*v + 11. Let p(u) = r*y(u) + 9*k(u). Let o(g) = -5*g - 9. Let t(h) = 4*o(h) + 3*p(h). Calculate t(-7).
5
Let m(v) = v + 23. Let a be 5/1 - (8 + 4). What is m(a)?
16
Let d(w) be the third derivative of w**6/120 - w**5/60 - w**4/8 - w**3/2 - 13*w**2. Suppose 24 = 3*y + 3*k, -y - k + 2*k = 2. Give d(y).
6
Let g = 10 - 2. Let o(n) = 3*n**3 - 5*n**2 - 4*n - 3. Let b(v) = v**3 + v**2 + 2*v - 1. Let h(j) = 2*b(j) - o(j). Give h(g).
1
Let b(g) = -4*g**3 + 2*g**2 - 1. Suppose -3*r + 4*r - 5 = 4*n, 2*n = r - 5. Suppose -2*h + 4*k - 14 = n, -7*k = 4*h - 2*k - 11. Calculate b(h).
5
Let f(o) = -o**3 + 10*o**2 - 3*o + 21. Let l be f(10). Let h(j) = -j**3 - 8*j**2 + 6*j + 3. What is h(l)?
30
Let v(c) = -6*c**3 + 5*c**3 - 16*c**2 + 20*c**2 - 9*c**2 - 15*c - 4*c**2 - 1. Give v(-7).
6
Suppose 5*x = -4*w + 14, 11 = 4*x - 2*w + 5*w. Let i(p) = -6*p - 261. Let v(l) = -6*l - 313. Let d(y) = 6*i(y) - 5*v(y). Determine d(x).
-13
Let t(o) be the second derivative of -o**4/12 - o**3/3 - 2*o**2 + 11*o. Suppose 4*j + 3 + 13 = 0. Give t(j).
-12
Let h(v) be the first derivative of -v**4/4 + v**3 - v**2/2 + v + 201. Determine h(3).
-2
Let t(k) be the first derivative of k**4/4 - 7*k**3/3 - 2